) + 2/6. Suppose 4*a = k - 13, j*a + 3 + 2 = -4*k. Is k*(-2 + 1 - -16) a composite number?
True
Suppose 0 = -3*y - 2 - 22. Let j be 24/(-1)*6/y. Is ((-56)/(-12))/(4/j) composite?
True
Let g = 14 - 10. Let z(o) = 3*o**2 + 4*o - 5. Is z(g) a composite number?
False
Let k be (9 + -8)/(1/61). Let c = 87 - k. Is c a composite number?
True
Let k(y) = -y**2 + 5*y + 3. Let o be k(5). Suppose -5*g = o*x - 0*x - 13, 2*g - 14 = -2*x. Let c(i) = -i**3 + 12*i**2 - i + 5. Is c(x) a composite number?
True
Suppose -1 = 3*n + 11. Let v be n/(-14) + 110/7. Let o = v - 6. Is o composite?
True
Let z(j) = j**3 - 6*j**2 - 6*j - 6. Let d be z(7). Let a(v) = 56*v**2 + 2*v - 1. Let x be a(d). Suppose -5*k + x - 12 = 0. Is k a prime number?
False
Is 11694/(-3)*(1 + 6/(-4)) a prime number?
True
Let t(d) be the third derivative of d**4/12 + 19*d**3/6 - d**2. Is t(0) prime?
True
Suppose -12*s + 3*s + 6111 = 0. Is s composite?
True
Suppose 0 = 2*h - h - 2. Suppose -5*w - 2*d + 284 = 0, h*w - 3*d - 104 = -7*d. Is w prime?
False
Let w be 0 + 0 - (7 + -2). Let s(q) = 5*q**2 + 7*q + 7. Is s(w) composite?
False
Let n(s) = 99*s - 4. Is n(3) a composite number?
False
Suppose 4*l = 8, -3*w - 5*l + 17 = -2*w. Is w prime?
True
Let p(n) = -9*n + 10. Suppose -6 = -2*b, 0*b - 29 = 4*t + b. Is p(t) a composite number?
True
Suppose -67 + 316 = 3*d. Suppose 3*a = -a - 2*s + 304, -a + 3*s = -d. Is a a composite number?
True
Let o(w) = 2*w**3 - 18*w**2 + 15*w + 18. Is o(11) composite?
True
Let f = 1 - -1. Suppose -f*b + 3*b = -65. Let w = -16 - b. Is w composite?
True
Suppose 0 = 5*z - 1292 + 147. Suppose 1217 = 4*q + z. Is q composite?
True
Suppose 5*i + 5*r + 605 = 0, -i + 2*r - 57 = 49. Let x = i + 201. Is x composite?
True
Let o = 509 - 40. Is o composite?
True
Is -1142*(20/(-8) - -2) prime?
True
Let l be 4 + (1 + 1)/1. Suppose -4*t + l = -2, -4*u + 620 = -4*t. Is u a prime number?
True
Let c(t) = 9*t - 3*t + 1 + t**3 + 8*t**2 - 4. Let q be c(-5). Suppose 2*a = -0*a + q. Is a a prime number?
False
Is (15/10 - 1)*2498 a composite number?
False
Let l = 19 + -28. Let a(b) = 3*b**3 - 3*b + 0 - 9 - 2 - 4*b**3 - 8*b**2. Is a(l) a prime number?
True
Is 34*(3 - 3/(-6)) a composite number?
True
Is 409*(3 + -4 - -2) prime?
True
Suppose 0*v - 2*s + 73 = v, -359 = -5*v - 4*s. Is v composite?
False
Suppose 8*t - 6*t = 446. Is t a prime number?
True
Suppose -7*v + 3*v + 5*s = 19, 3*v = -s - 19. Let b = v - -37. Is b composite?
False
Suppose -2216 = -4*y + 4*t, 135 = 3*y - 4*t - 1524. Is y a composite number?
False
Suppose -5*u = -0*c - 4*c + 307, -4*c = 4*u - 316. Suppose -2*p + 16 + c = 0. Suppose 0 = 3*z - 125 + p. Is z a prime number?
False
Let a = 1314 + -788. Is a a composite number?
True
Let y = 25 - 24. Is 3/(3/178)*y composite?
True
Let j = 5 + -13. Let k(r) = -r**2 - 9*r - 2. Let n be k(j). Suppose -4*s + 90 = n. Is s a composite number?
True
Let c(i) = -i + 22. Suppose 0 = 3*t - 4*d - 16, -t + 5*t = -5*d - 20. Let v be 0*(-2 + (1 - t)). Is c(v) a prime number?
False
Suppose -q = -4*q + 3615. Is q prime?
False
Let r = -169 + 288. Is r prime?
False
Suppose -2*g = 3*g + 10. Let v = g + 4. Is (v/6)/((-2)/(-24)) a composite number?
True
Suppose -n - 99 = 39. Let t = -204 - n. Let b = t + 161. Is b a prime number?
False
Let q = -248 + 474. Is q a prime number?
False
Let i = 5 + -3. Suppose 0 = -7*t + i*t + 10. Is 634/3 - t/6 a composite number?
False
Let k = -3 - -19. Is 716/k*(13 - 1) a prime number?
False
Let j be (-7)/(-14)*(0 + 0). Suppose j = 8*h - 6*h - 318. Is h prime?
False
Let a(n) = n**3 - 5*n**2 - 6*n - 2. Let k be a(6). Let i be -2 + 0 + k + 9. Suppose 3*y + 2*d = 173, 7*y + i*d - 290 = 2*y. Is y a prime number?
False
Let s(k) = 442*k**2 + 3*k - 2. Is s(1) a prime number?
True
Let m(v) = 2*v**2 - 9*v. Let h be 7 + -3 + 1 + 2. Is m(h) prime?
False
Let d be (-2)/(-4) + (-42)/(-12). Suppose 0 = 2*r - d - 2. Suppose r*l - l = 44. Is l a prime number?
False
Suppose -3*b = 2*b - 905. Is b a prime number?
True
Let y = -27 - -49. Let i = 25 - y. Is i a prime number?
True
Is 3*64 + 2/(-2) a prime number?
True
Let u be 0 - 36 - (-2 - -3). Suppose 0*x + 26 = -x. Let z = x - u. Is z a prime number?
True
Suppose 3*k - 2 = 7. Let c = -3 + k. Suppose c = 3*s - 3*p - 3 - 30, 0 = 5*s + 5*p - 45. Is s a prime number?
False
Suppose 0*c - 3310 = -10*c. Is c a composite number?
False
Let q(o) = o + 39. Let i(x) = 3*x**2 - x - 1. Let f be i(-1). Suppose f*y = -y. Is q(y) a composite number?
True
Let b(p) = 8*p + 5. Let v(s) be the first derivative of s**4/4 + 5*s**3/3 - 3*s**2 + 6*s - 4. Let f be v(-6). Is b(f) composite?
False
Suppose 0 = -2*d - 27 + 7. Let q = d + 3. Is (q/(-2))/(5/10) composite?
False
Let u = 32 + 25. Is u a composite number?
True
Suppose f - 1534 = -2*i, f + 1534 = -0*i + 2*i. Is i prime?
False
Let m = 169 - 31. Suppose 3*j = -3*y + m, -j = -3*y + 3*j + 138. Suppose -139 - y = -5*a. Is a a prime number?
True
Suppose 0 = 4*r - 12, -3*j - 2*r + 4*r + 12 = 0. Let l(u) = 10*u - 7. Is l(j) prime?
True
Suppose -3*d - 7*n - 3 = -3*n, -4*n - 6 = 2*d. Suppose -2*p + d*p + 20 = 0. Is 36/20*p/(-6) composite?
True
Suppose -51 = 4*m + 17. Let c = m - -38. Is c prime?
False
Suppose 4*j - 15 = 9*j. Let w(r) = -28*r - 5. Is w(j) a composite number?
False
Let g = 247 - 102. Is g a composite number?
True
Is ((-265)/10*-1)/((-1)/(-2)) prime?
True
Let i = 672 - 293. Is i a composite number?
False
Suppose -5*a + 5165 = 14*u - 9*u, 2*a - 2072 = -5*u. Is a composite?
False
Suppose 3*c = -3*x + 2*x + 1335, 0 = -c - 3*x + 437. Is c composite?
True
Let f(z) = -16*z**2 + z + 4. Let m(a) = 5*a**2 - 1. Let j(y) = 2*f(y) + 7*m(y). Let s = -4 - -2. Is j(s) a composite number?
True
Suppose -2*p + 2522 = 2*p - 3*y, 4*p + 5*y - 2506 = 0. Is p a prime number?
False
Is (-3 + 2 + 2)*485 composite?
True
Let t(i) = -3*i + 15 + 2*i - 5. Let c be t(7). Suppose 2*n - 125 = -c*n. Is n a prime number?
False
Let h be 1*((-6)/3 + -353). Is (-6)/(-9) - h/3 a prime number?
False
Suppose -c + 11 + 19 = 0. Suppose -3*s + 36 = -c. Is s prime?
False
Let o = 4 - 0. Suppose q + 3*s - 65 = 0, -o*q + s = -4*s - 175. Is (-2 - 10/(-4))*q a composite number?
True
Suppose 4*v = 5*f + 150 + 635, -4*f = -5*v + 970. Suppose 5*k = 85 + v. Is k a prime number?
False
Let x(k) = k - 2. Let c be x(0). Let r(d) = -6*d + 2. Is r(c) a composite number?
True
Let m(f) = -f**2 - 3*f + 3. Let c be m(2). Let p(x) = 2*x**2 + 11*x + 5. Let t be p(c). Suppose -4*y + 2*d = -32, -y = 3*y + d - t. Is y composite?
False
Let y(u) = 7*u**3 + 3*u - 5. Is y(7) composite?
False
Suppose -2*o + 10 = -2*u, -5*o = -o - u - 20. Suppose 0 = r + o*p - 158 - 149, 0 = -2*p - 4. Is r a composite number?
False
Let f = 189 + -106. Is f a composite number?
False
Let c be ((-216)/(-90))/(2/5). Let l(f) = f**2 - 6*f + 15. Is l(c) a composite number?
True
Let l = 24 + 1. Let d(z) = -12*z**2 + 2*z - 1. Let o be d(1). Let y = l + o. Is y a composite number?
True
Is (-31010)/(-20)*(-2)/(-1) prime?
False
Suppose -542 = 4*q - 6*q. Let p = q + -158. Is p a composite number?
False
Let q be 1/((-1)/(-35) + 0). Suppose 0*a - q = -a. Is a a composite number?
True
Let r(g) = g**3 + g**2 + g - 2. Let v be r(2). Suppose -3*u - v = 0, -4*p + p + 269 = -2*u. Is p a composite number?
True
Suppose 2*k + 354 = 5*k. Is k a prime number?
False
Let a = -248 + 577. Is a prime?
False
Let q(i) = -i**3 + 15*i**2 + 17*i - 16. Let u be q(16). Suppose u = 3*d - 4*f - 1023, -6*f + 996 = 3*d - f. Is d prime?
True
Let o(t) = -3*t - 3. Suppose 4 = -q + 2. Let d be o(q). Suppose -d*l + 3*h + 15 = 0, -2*h + 13 = l - 7. Is l composite?
True
Let i(q) = q**3 + 7*q**2 + 5*q + 1. Let d = -14 + 8. Let v = d + 0. Is i(v) composite?
False
Let b be 70/22 + (-6)/33. Suppose 0*v + b*v - 15 = 0. Suppose -3*o + v*h = -103, 3*o + 4*h = 3*h + 91. Is o a composite number?
False
Let v(y) = y**2 - 2*y + 10. Is v(8) a prime number?
False
Let s be (0 + 6)/((-1)/(-32)). Let i = -99 + s. Let p = i - 24. Is p a composite number?
True
Suppose -5*m + 4 = 3*f - 2, 0 = 2*f + m - 4. Let b = f - 1. Is 0 - (-17 - (b - 3)) a prime number?
False
Is 0/6 - -4 - (-1 - 254) a prime number?
False
Let h = 12 - 9. Is 0 + h - 18/(-3) a composite number?
True
Suppose 5*s + 4*r = 737, -739 = -3*s - 2*s - 3*r. Is s a composite number?
False
Let i = 328 + -59